e the prime factors of s?
2, 3, 5
Suppose 3*j + 31*k = 26*k - 11, -4*j + 4*k + 28 = 0. Let w be ((-14)/(-4))/((-2)/(-4)). Suppose -j*p - 288 = -w*p. List the prime factors of p.
2, 3
Suppose -2*k - 72 = 2*o, -3*k - 85 = 4*o + 22. Let x = -23 - k. List the prime factors of x.
2, 7
Let f = -17 - -20. Suppose -2*r + 695 = f*r. Let t = r - 97. List the prime factors of t.
2, 3, 7
Suppose -3575 = -3*v - 2*v. List the prime factors of v.
5, 11, 13
Let q(u) = -u**3 - u**2 + 15*u + 5. Suppose -z - 2*r - 3 = 0, -6*z - 13 = -3*z + 4*r. List the prime factors of q(z).
2, 97
Let u(m) = m**3 - 11*m**2 + m - 7. Let p be u(11). Suppose -p = -z - z. List the prime factors of 2 - (-1)/(z/62).
3, 11
Let h(x) = -x**3 + 4*x**2 + 5*x + 4. Let d be h(5). Suppose 3*r + 2*r + 3 = -u, 28 = -3*u + d*r. Let g(y) = y**2 + 4*y - 5. What are the prime factors of g(u)?
3
Let t = -189 + 320. Suppose k - 95 - t = 0. What are the prime factors of k?
2, 113
Let m = 11 + 237. What are the prime factors of m?
2, 31
Suppose 717 = 4*j + 3*o - 1545, o - 2 = 0. List the prime factors of j.
2, 3, 47
Let b = 109 - 106. Suppose -4*q - 5*x + 524 = 0, -b*q - 5*x - 76 + 474 = 0. List the prime factors of q.
2, 3, 7
Let j(b) = -b - 5. Let s be j(-8). What are the prime factors of -1 + 32 + s + -6?
2, 7
Let f(o) = -o**3 + 3*o**2 + 29*o + 11. What are the prime factors of f(-8)?
3, 7, 23
Let i = -232 - -675. What are the prime factors of i?
443
Let o(t) = 2*t**3 + 4*t**2 - 6. Let a be o(2). Suppose 5*j = -2*x + j + a, -16 = -x - 5*j. What are the prime factors of x?
11
Suppose 5*m = 13*m - 21456. What are the prime factors of m?
2, 3, 149
Suppose -13 = 2*r + 1. Let v = 10 + r. Suppose w - 4*f = 67, 4*f + 131 = v*w + 6*f. What are the prime factors of w?
47
Suppose 3*d - 4*d - 1 = 0. Let f be 120/(-16)*(-20)/15. Let v = f - d. What are the prime factors of v?
11
Let z be 4/6*(-6 - -117). Let w = z - -8. Suppose -2*q = 3*x - w, 6 - 2 = -x. List the prime factors of q.
47
Suppose -29 = -5*z - 9. Let i(n) = 0 - z + 2 - 20*n + 3*n. What are the prime factors of i(-1)?
3, 5
Let c = 0 + 2. Suppose -3*b - c*l = -19, 0 = 4*b + 2*l + 3*l - 37. Suppose -110 = -5*j + b*n - 0*n, 0 = -2*j - 2*n + 28. What are the prime factors of j?
19
Let r = -69 - -74. What are the prime factors of 34 - (-1)/r*0?
2, 17
Let z be (-1)/2 + (-39)/2. Let a be z/9 - (-4)/18. Let o = 3 - a. List the prime factors of o.
5
Let t = -87 + 89. Suppose t = -3*j + 293. List the prime factors of j.
97
Suppose 0 = o - 3*o + 58. Let r = o - -82. What are the prime factors of r?
3, 37
Suppose 3*v = 56 + 79. Suppose 0 = 2*h - 5*t - v, 5*h = -0*h + 5*t + 105. Let j = -14 + h. What are the prime factors of j?
2, 3
Suppose -9*k + 66 = -7*k. Let n = 11 + -5. List the prime factors of (k/n)/(2/4).
11
Let d(a) = -6*a + 686. List the prime factors of d(70).
2, 7, 19
Let a(p) = -313*p**3 + 3*p**2 - 4*p - 2. Let w(u) = 157*u**3 - u**2 + 2*u + 1. Let i(r) = -4*a(r) - 9*w(r). What are the prime factors of i(-1)?
3, 53
Let j = 439 + -245. What are the prime factors of j?
2, 97
Let b(p) = 109*p**2 - 24*p + 5. List the prime factors of b(2).
3, 131
Suppose -2*u + 0*u + 8 = 0. Suppose -p + u*m + 156 = -0*p, -4*p + 4*m = -600. What are the prime factors of p?
2, 37
Let t(c) be the third derivative of -1/2*c**3 + 0 + 29/24*c**4 - 13*c**2 + 0*c. What are the prime factors of t(2)?
5, 11
Let v(p) = 16*p - 2. Let s be v(1). Suppose 5*y - 83 = 2*h + s, 2*y - 3*h - 41 = 0. List the prime factors of y.
19
Let i(j) = -37*j + 2. Let v(c) = -c + 1. Let u(w) = -2*i(w) + 6*v(w). List the prime factors of u(1).
2, 5, 7
Suppose -108 = 4*d - 312. Let n = d - 29. Let l = n - -23. List the prime factors of l.
3, 5
Let q(r) = -11*r**3 + 2*r**3 - 2 + 2*r + 53*r**3 + r**2. List the prime factors of q(1).
3, 5
Suppose 3*b - 4*g = 20, 5*g + 14 = -3*b - 11. What are the prime factors of (b - -1) + (6 - -151)?
2, 79
Let n(v) be the third derivative of -3*v**4/8 - v**3/6 + 3*v**2. Let l be n(-2). Suppose y - 12 = l. What are the prime factors of y?
29
Let s = -35 - -37. Suppose 5*r + 7 = -s*m + 47, -4*r + 36 = 2*m. What are the prime factors of m?
2, 5
Suppose -203 = -2*h + 277. Let i be 3*(3 - (-14)/(-6)). Suppose -i*c - h = -6*c. List the prime factors of c.
2, 3, 5
Suppose 0 = 7*z - 365 - 1098. What are the prime factors of z?
11, 19
Let q(z) = 0 + 4 + 26*z - 4 + 3. Let a be q(4). Suppose -2 = 2*g, 5*f - 3*g = -g + a. List the prime factors of f.
3, 7
Let o(h) be the first derivative of -h**4/4 + 8*h**3/3 + 5*h**2 - 4*h - 1. Let t be (-3)/(-2) - (-15)/2. What are the prime factors of o(t)?
5
Suppose 5*r = 4*n - 15, 4*r + n + 53 = -4*n. Let t = -9 - r. What are the prime factors of (-28)/t + 0 - 3?
11
Suppose 2*c - 733 - 3101 = -4*v, 4*v + 3810 = 2*c. What are the prime factors of c?
3, 7, 13
Let y(z) = z**3 - 10*z**2 + 11*z + 9. Let f be y(9). Suppose k - 5 = -5*l + 4*l, 5*l + 3*k = f. List the prime factors of l.
2, 3
What are the prime factors of (4 - (-385 + -4)) + 0 + 3?
2, 3, 11
Suppose 3*j + 2*n = 8451, 8*j - 5*j - 8448 = -3*n. List the prime factors of j.
2819
Suppose 0*h = -5*y - 3*h + 16, 6 = -2*y + 5*h. Suppose y*f - 360 + 14 = 0. What are the prime factors of f?
173
Suppose -4*d + 1009 + 51 = 0. Suppose 3*q - 7*q = x - d, 2*q + 241 = x. What are the prime factors of x?
3, 83
Let b(h) = 5*h**3 - h**2 + 2. Let s(n) = -4*n**3 + 2*n**2 + n - 2. Let g(t) = -2*b(t) - 3*s(t). List the prime factors of g(4).
2, 3
What are the prime factors of (3*310/(-45))/((-10)/1005)?
31, 67
Let r(x) = 12*x**2 - 7*x. List the prime factors of r(-5).
5, 67
Suppose -3*w + 10*w = 2464. Let c = -194 + w. What are the prime factors of c?
2, 79
Let v be 17 - ((0 - 3) + 2). Let f be ((-36)/(-8) + -3)*v. Suppose 5*t - f = 13. What are the prime factors of t?
2
Suppose -196 = -2*x - 4*q, -3*x + q = -80 - 179. What are the prime factors of x?
2, 11
Let r = 1884 - 952. List the prime factors of r.
2, 233
Let d(m) = m**3 + 8 + 14*m**2 - 13*m**2 + 8*m**2 + 3*m. What are the prime factors of d(-4)?
2, 19
Suppose 8*z = -3*z + 4675. What are the prime factors of z?
5, 17
Suppose 2*f = -3*g + 98, 2*g - f = -5*f + 76. Suppose 4*h - g = 238. List the prime factors of h.
67
Let o = -188 + 384. Suppose 335 + o = 9*u. What are the prime factors of u?
59
Let l = -13 - -19. Let x = l - -23. What are the prime factors of x?
29
Let k(w) = -4*w**3 - w**2 - 12*w - 12. Let h be k(-5). Suppose -3*v + h + 39 = 4*x, 2*x = -4*v + 766. List the prime factors of v.
2, 97
Let n(k) = -2499*k - 51. List the prime factors of n(-1).
2, 3, 17
Suppose -3*g = -5*c - 16, 3*g - 3*c - 14 = -g. Suppose 4*f = 4*n - 4, 2*f = -3*n + 2*n + 4. What are the prime factors of -93*g*n/(-6)?
2, 31
Suppose -3*r + 1 = 7. What are the prime factors of ((-1 - 3) + -66)*(r + -2)?
2, 5, 7
Suppose 4 = -5*s + 3*s - 4*r, s + 4*r - 4 = 0. Let q = 55 + s. Suppose -7 + q = 2*l. List the prime factors of l.
2, 5
Let b = -102 - -104. Suppose -17 = -2*n + 15. Suppose -9 = -b*x - 4*h + 5*h, h = 3*x - n. What are the prime factors of x?
7
What are the prime factors of -4 + 2 + 10 + 2614?
2, 3, 19, 23
Suppose 0 = -34*g + 29630 + 12258. What are the prime factors of g?
2, 7, 11
Let g be (-122)/(-12) + 7/(-42). Suppose -7*j + 4*j + 81 = -5*r, 5*j = g. Let c = -8 - r. List the prime factors of c.
7
Let s = 4 - -28. Suppose 5*g - 138 - s = 0. What are the prime factors of g?
2, 17
Suppose 4*r - 5*r = 0. Suppose 2*t + 95 = -l + 6*l, r = l + 2*t - 19. What are the prime factors of l?
19
Let z(g) be the third derivative of g**5/60 + 15*g**3/2 - 22*g**2. Let m(a) = -a + 1. Let x be m(1). What are the prime factors of z(x)?
3, 5
Let c(h) = 2*h**2 - 8*h - 37. Let g(s) = s**2 - 4*s - 18. Let z(t) = -2*c(t) + 5*g(t). Let q be z(6). What are the prime factors of (-83)/q - (-6)/(-8)?
2, 5
Suppose -4*r = -r + 15. Let u = 11 + r. List the prime factors of 2/u + (-142)/(-6).
2, 3
Let m be (12/9)/(5/5055). Suppose 5*z - x - m = 0, 3*z + 27 - 828 = -2*x. List the prime factors of z.
269
Let s(f) = f + 1. Let m(w) = 4*w - 12. Let y be m(6). What are the prime factors of s(y)?
13
Let l(u) = u**3 + 4*u**2 - 4*u - 1. Let z be l(4). Let m = z - 8. List the prime factors of m.
103
Let g(w) = -28*w - 117. List the prime factors of g(-10).
163
Let n(u) = -u - 4. Let d be n(-7). Let i